{"id":120,"date":"2019-02-25T19:12:18","date_gmt":"2019-02-25T18:12:18","guid":{"rendered":"https:\/\/jakzrobicwexcelu.pl\/kursy-excel\/?page_id=120"},"modified":"2020-01-30T20:58:48","modified_gmt":"2020-01-30T19:58:48","slug":"kursy-excel","status":"publish","type":"page","link":"https:\/\/jakzrobicwexcelu.pl\/kursy-excel\/","title":{"rendered":"Dost\u0119pne kursy"},"content":{"rendered":"\n<div id=\"ld-course-list-content-de8ee8ef2743dbd9a69bd4e86c163e5b\" class=\"ld-course-list-content\" data-shortcode-atts=\"{&quot;include_outer_wrapper&quot;:&quot;true&quot;,&quot;num&quot;:20,&quot;paged&quot;:1,&quot;post_type&quot;:&quot;sfwd-courses&quot;,&quot;post_status&quot;:&quot;publish&quot;,&quot;order&quot;:&quot;DESC&quot;,&quot;orderby&quot;:&quot;ID&quot;,&quot;user_id&quot;:false,&quot;mycourses&quot;:null,&quot;mygroups&quot;:null,&quot;status&quot;:null,&quot;post__in&quot;:null,&quot;course_id&quot;:&quot;&quot;,&quot;meta_key&quot;:&quot;&quot;,&quot;meta_value&quot;:&quot;&quot;,&quot;meta_compare&quot;:&quot;&quot;,&quot;tag&quot;:&quot;&quot;,&quot;tag_id&quot;:0,&quot;tag__and&quot;:&quot;&quot;,&quot;tag__in&quot;:&quot;&quot;,&quot;tag__not_in&quot;:&quot;&quot;,&quot;tag_slug__and&quot;:&quot;&quot;,&quot;tag_slug__in&quot;:&quot;&quot;,&quot;cat&quot;:&quot;&quot;,&quot;category_name&quot;:0,&quot;category__and&quot;:&quot;&quot;,&quot;category__in&quot;:&quot;&quot;,&quot;category__not_in&quot;:&quot;&quot;,&quot;tax_compare&quot;:&quot;AND&quot;,&quot;categoryselector&quot;:&quot;&quot;,&quot;show_thumbnail&quot;:&quot;true&quot;,&quot;show_content&quot;:&quot;true&quot;,&quot;author__in&quot;:&quot;&quot;,&quot;col&quot;:&quot;2&quot;,&quot;progress_bar&quot;:&quot;false&quot;,&quot;array&quot;:false,&quot;course_grid&quot;:&quot;true&quot;,&quot;course_categoryselector&quot;:&quot;&quot;,&quot;course_cat&quot;:&quot;&quot;,&quot;course_category_name&quot;:&quot;&quot;,&quot;course_category__and&quot;:&quot;&quot;,&quot;course_category__in&quot;:&quot;&quot;,&quot;course_category__not_in&quot;:&quot;&quot;,&quot;course_tag&quot;:&quot;&quot;,&quot;course_tag_id&quot;:&quot;&quot;,&quot;course_tag__and&quot;:&quot;&quot;,&quot;course_tag__in&quot;:&quot;&quot;,&quot;course_tag__not_in&quot;:&quot;&quot;,&quot;course_tag_slug__and&quot;:&quot;&quot;,&quot;course_tag_slug__in&quot;:&quot;&quot;,&quot;course_status&quot;:null}\">\n\t\t\t<div class=\"ld-course-list-items row\">\n\t<!-- LearnDash Course Grid v1 --><div class=\"ld_course_grid col-sm-12 col-md-6 \">\n\t<article id=\"post-581\" class=\" thumbnail course post-581 sfwd-courses type-sfwd-courses status-publish has-post-thumbnail hentry\">\n\t\t\t\t\t\t\t\t<div class=\"ribbon\">\n\t\t\t\t9,99\t\t\t<\/div>\n\t\t\t\n\t\t\t\t\t\t<a href=\"https:\/\/jakzrobicwexcelu.pl\/kursy-excel\/szkolenia\/excel-tabele-przestawne-w-pigulce\/\" rel=\"bookmark\">\n\t\t\t\t<img loading=\"lazy\" decoding=\"async\" width=\"300\" height=\"169\" src=\"https:\/\/jakzrobicwexcelu.pl\/kursy-excel\/wp-content\/uploads\/2020\/01\/kurs-excel-tabele-przestawne-w-pigulce-300x169.jpg\" class=\"attachment-medium size-medium wp-post-image\" alt=\"Kurs Excel - Tabele przestawne w pigu\u0142ce\" srcset=\"https:\/\/jakzrobicwexcelu.pl\/kursy-excel\/wp-content\/uploads\/2020\/01\/kurs-excel-tabele-przestawne-w-pigulce-300x169.jpg 300w, https:\/\/jakzrobicwexcelu.pl\/kursy-excel\/wp-content\/uploads\/2020\/01\/kurs-excel-tabele-przestawne-w-pigulce-400x225.jpg 400w, https:\/\/jakzrobicwexcelu.pl\/kursy-excel\/wp-content\/uploads\/2020\/01\/kurs-excel-tabele-przestawne-w-pigulce.jpg 750w\" sizes=\"auto, (max-width: 300px) 100vw, 300px\" \/>\t\t\t<\/a>\n\t\t\t\t\t\n\t\t\t\t\t<div class=\"caption\">\n\t\t\t\t<h3 class=\"entry-title\">Excel \u2013 Tabele przestawne w pigu\u0142ce<\/h3>\n\t\t\t\t\t\t\t\t<div class=\"entry-content\"><p>Mini Kurs \u201eExcel \u2013 Tabele przestawne w pigu\u0142ce\u201d to  zestaw praktycznych wyk\u0142ad\u00f3w oraz \u0107wicze\u0144 pokazuj\u0105cych potencja\u0142 tkwi\u0105cy w funkcjonalno\u015bci \"tabele przestawne\".<\/p>\n<\/div>\n\t\t\t\t\t\t\t\t<div class=\"ld_course_grid_button\"><a class=\"btn btn-primary\" role=\"button\" href=\"https:\/\/jakzrobicwexcelu.pl\/kursy-excel\/szkolenia\/excel-tabele-przestawne-w-pigulce\/\" rel=\"bookmark\">Dowiedz si\u0119 wi\u0119cej<\/a><\/div>\n\t\t\t\t\t\t\t<\/div><!-- .entry-header -->\n\t\t\t<\/article><!-- #post-## -->\n<\/div><!-- .ld_course_grid -->\n<!-- LearnDash Course Grid v1 --><div class=\"ld_course_grid col-sm-12 col-md-6 \">\n\t<article id=\"post-380\" class=\" thumbnail course post-380 sfwd-courses type-sfwd-courses status-publish has-post-thumbnail hentry\">\n\t\t\t\t\t\t\t\t<div class=\"ribbon\">\n\t\t\t\t9,99\t\t\t<\/div>\n\t\t\t\n\t\t\t\t\t\t<a href=\"https:\/\/jakzrobicwexcelu.pl\/kursy-excel\/szkolenia\/kurs-excel-wykresy-od-podstaw-do-eksperta\/\" rel=\"bookmark\">\n\t\t\t\t<img loading=\"lazy\" decoding=\"async\" width=\"300\" height=\"169\" src=\"https:\/\/jakzrobicwexcelu.pl\/kursy-excel\/wp-content\/uploads\/2018\/06\/udemy-kurs-wykresy-2.png\" class=\"attachment-medium size-medium wp-post-image\" alt=\"kurs Excel - wykresy od podstaw\" \/>\t\t\t<\/a>\n\t\t\t\t\t\n\t\t\t\t\t<div class=\"caption\">\n\t\t\t\t<h3 class=\"entry-title\">Excel &#8211; Wykresy od podstaw do eksperta<\/h3>\n\t\t\t\t\t\t\t\t<div class=\"entry-content\"><p>Kurs \u201eExcel \u2013 Wykresy od podstaw do eksperta\u201d to kompletny zestaw praktycznych wyk\u0142ad\u00f3w oraz \u0107wicze\u0144 z zakresu zwi\u0105zanego z tworzeniem i modyfikacj\u0105 prostych jak i zaawansowanych wykres\u00f3w oraz ich element\u00f3w. <\/p>\n<\/div>\n\t\t\t\t\t\t\t\t<div class=\"ld_course_grid_button\"><a class=\"btn btn-primary\" role=\"button\" href=\"https:\/\/jakzrobicwexcelu.pl\/kursy-excel\/szkolenia\/kurs-excel-wykresy-od-podstaw-do-eksperta\/\" rel=\"bookmark\">Dowiedz si\u0119 wi\u0119cej<\/a><\/div>\n\t\t\t\t\t\t\t<\/div><!-- .entry-header -->\n\t\t\t<\/article><!-- #post-## -->\n<\/div><!-- .ld_course_grid -->\n<!-- LearnDash Course Grid v1 --><div class=\"ld_course_grid col-sm-12 col-md-6 \">\n\t<article id=\"post-63\" class=\" thumbnail course post-63 sfwd-courses type-sfwd-courses status-publish has-post-thumbnail hentry\">\n\t\t\t\t\t\t\t\t<div class=\"ribbon\">\n\t\t\t\t19,99\t\t\t<\/div>\n\t\t\t\n\t\t\t\t\t\t<a href=\"https:\/\/jakzrobicwexcelu.pl\/kursy-excel\/szkolenia\/kalkulator-kredytowy-w-excelu\/\" rel=\"bookmark\">\n\t\t\t\t<img loading=\"lazy\" decoding=\"async\" width=\"300\" height=\"169\" src=\"https:\/\/jakzrobicwexcelu.pl\/kursy-excel\/wp-content\/uploads\/2019\/03\/kurs-excel-kalkulator-kredytowy.jpg\" class=\"attachment-medium size-medium wp-post-image\" alt=\"Kurs Excel - kalkulator kredytowy\" \/>\t\t\t<\/a>\n\t\t\t\t\t\n\t\t\t\t\t<div class=\"caption\">\n\t\t\t\t<h3 class=\"entry-title\">Excel &#8211; Jak zrobi\u0107 kalkulator kredytowy?<\/h3>\n\t\t\t\t\t\t\t\t<div class=\"entry-content\"><p>Poznaj funkcje finansowe PMT, PPMT, IPMT i zbuduj samodzielnie kalkulator kredytowy w Excelu (raty r\u00f3wne i malej\u0105ce).<\/p>\n<\/div>\n\t\t\t\t\t\t\t\t<div class=\"ld_course_grid_button\"><a class=\"btn btn-primary\" role=\"button\" href=\"https:\/\/jakzrobicwexcelu.pl\/kursy-excel\/szkolenia\/kalkulator-kredytowy-w-excelu\/\" rel=\"bookmark\">Dowiedz si\u0119 wi\u0119cej<\/a><\/div>\n\t\t\t\t\t\t\t<\/div><!-- .entry-header -->\n\t\t\t<\/article><!-- #post-## -->\n<\/div><!-- .ld_course_grid -->\n\t<\/div>\n\t\t\t<\/div>\n\t\t\n","protected":false},"excerpt":{"rendered":"","protected":false},"author":1,"featured_media":0,"parent":0,"menu_order":0,"comment_status":"closed","ping_status":"closed","template":"","meta":{"site-sidebar-layout":"no-sidebar","site-content-layout":"default","ast-site-content-layout":"","site-content-style":"default","site-sidebar-style":"default","ast-global-header-display":"","ast-banner-title-visibility":"","ast-main-header-display":"","ast-hfb-above-header-display":"","ast-hfb-below-header-display":"","ast-hfb-mobile-header-display":"","site-post-title":"","ast-breadcrumbs-content":"","ast-featured-img":"","footer-sml-layout":"","theme-transparent-header-meta":"default","adv-header-id-meta":"","stick-header-meta":"","header-above-stick-meta":"","header-main-stick-meta":"","header-below-stick-meta":"","astra-migrate-meta-layouts":"default","ast-page-background-enabled":"default","ast-page-background-meta":{"desktop":{"background-color":"","background-image":"","background-repeat":"repeat","background-position":"center center","background-size":"auto","background-attachment":"scroll","background-type":"","background-media":"","overlay-type":"","overlay-color":"","overlay-gradient":""},"tablet":{"background-color":"","background-image":"","background-repeat":"repeat","background-position":"center center","background-size":"auto","background-attachment":"scroll","background-type":"","background-media":"","overlay-type":"","overlay-color":"","overlay-gradient":""},"mobile":{"background-color":"","background-image":"","background-repeat":"repeat","background-position":"center center","background-size":"auto","background-attachment":"scroll","background-type":"","background-media":"","overlay-type":"","overlay-color":"","overlay-gradient":""}},"ast-content-background-meta":{"desktop":{"background-color":"var(--ast-global-color-5)","background-image":"","background-repeat":"repeat","background-position":"center center","background-size":"auto","background-attachment":"scroll","background-type":"","background-media":"","overlay-type":"","overlay-color":"","overlay-gradient":""},"tablet":{"background-color":"var(--ast-global-color-5)","background-image":"","background-repeat":"repeat","background-position":"center center","background-size":"auto","background-attachment":"scroll","background-type":"","background-media":"","overlay-type":"","overlay-color":"","overlay-gradient":""},"mobile":{"background-color":"var(--ast-global-color-5)","background-image":"","background-repeat":"repeat","background-position":"center center","background-size":"auto","background-attachment":"scroll","background-type":"","background-media":"","overlay-type":"","overlay-color":"","overlay-gradient":""}},"footnotes":""},"class_list":["post-120","page","type-page","status-publish","hentry"],"yoast_head":"<!-- This site is optimized with the Yoast SEO plugin v23.9 - https:\/\/yoast.com\/wordpress\/plugins\/seo\/ -->\n<title>Dost\u0119pne kursy - Kursy Excel | jakzrobicwexcelu.pl<\/title>\n<meta name=\"description\" content=\"Kursy Excel - Zapraszam do zapoznania si\u0119 z ofert\u0105 kurs\u00f3w video, dost\u0119pnych online pozwalaj\u0105cych poszerzy\u0107 Twoj\u0105 wiedz\u0119 o Excelu.\" \/>\n<meta name=\"robots\" content=\"index, follow, max-snippet:-1, max-image-preview:large, max-video-preview:-1\" \/>\n<link rel=\"canonical\" href=\"https:\/\/jakzrobicwexcelu.pl\/kursy-excel\/\" \/>\n<meta property=\"og:locale\" content=\"pl_PL\" \/>\n<meta property=\"og:type\" content=\"article\" \/>\n<meta property=\"og:title\" content=\"Kursy Excel\" \/>\n<meta property=\"og:description\" content=\"Zapraszam do zapoznania si\u0119 z ofert\u0105 kurs\u00f3w video, dost\u0119pnych online pozwalaj\u0105cych poszerzy\u0107 Twoj\u0105 wiedz\u0119 o Excelu.\" \/>\n<meta property=\"og:url\" content=\"https:\/\/jakzrobicwexcelu.pl\/kursy-excel\/\" \/>\n<meta property=\"og:site_name\" content=\"Kursy Excel | jakzrobicwexcelu.pl\" \/>\n<meta property=\"article:modified_time\" content=\"2020-01-30T19:58:48+00:00\" \/>\n<meta name=\"twitter:card\" content=\"summary_large_image\" \/>\n<meta name=\"twitter:title\" content=\"Kursy Excel -\" \/>\n<meta name=\"twitter:description\" content=\"Zapraszam do zapoznania si\u0119 z ofert\u0105 kurs\u00f3w video, dost\u0119pnych online pozwalaj\u0105cych poszerzy\u0107 Twoj\u0105 wiedz\u0119 o Excelu.\" \/>\n<script type=\"application\/ld+json\" class=\"yoast-schema-graph\">{\"@context\":\"https:\/\/schema.org\",\"@graph\":[{\"@type\":\"WebPage\",\"@id\":\"https:\/\/jakzrobicwexcelu.pl\/kursy-excel\/\",\"url\":\"https:\/\/jakzrobicwexcelu.pl\/kursy-excel\/\",\"name\":\"Dost\u0119pne kursy - Kursy Excel | jakzrobicwexcelu.pl\",\"isPartOf\":{\"@id\":\"https:\/\/jakzrobicwexcelu.pl\/kursy-excel\/#website\"},\"datePublished\":\"2019-02-25T18:12:18+00:00\",\"dateModified\":\"2020-01-30T19:58:48+00:00\",\"description\":\"Kursy Excel - Zapraszam do zapoznania si\u0119 z ofert\u0105 kurs\u00f3w video, dost\u0119pnych online pozwalaj\u0105cych poszerzy\u0107 Twoj\u0105 wiedz\u0119 o Excelu.\",\"breadcrumb\":{\"@id\":\"https:\/\/jakzrobicwexcelu.pl\/kursy-excel\/#breadcrumb\"},\"inLanguage\":\"pl-PL\",\"potentialAction\":[{\"@type\":\"ReadAction\",\"target\":[\"https:\/\/jakzrobicwexcelu.pl\/kursy-excel\/\"]}]},{\"@type\":\"BreadcrumbList\",\"@id\":\"https:\/\/jakzrobicwexcelu.pl\/kursy-excel\/#breadcrumb\",\"itemListElement\":[{\"@type\":\"ListItem\",\"position\":1,\"name\":\"Strona g\u0142\u00f3wna\",\"item\":\"https:\/\/jakzrobicwexcelu.pl\/kursy-excel\/\"},{\"@type\":\"ListItem\",\"position\":2,\"name\":\"Dost\u0119pne kursy\"}]},{\"@type\":\"WebSite\",\"@id\":\"https:\/\/jakzrobicwexcelu.pl\/kursy-excel\/#website\",\"url\":\"https:\/\/jakzrobicwexcelu.pl\/kursy-excel\/\",\"name\":\"Kursy Excel | jakzrobicwexcelu.pl\",\"description\":\"Kursy Excela Online\",\"publisher\":{\"@id\":\"https:\/\/jakzrobicwexcelu.pl\/kursy-excel\/#organization\"},\"potentialAction\":[{\"@type\":\"SearchAction\",\"target\":{\"@type\":\"EntryPoint\",\"urlTemplate\":\"https:\/\/jakzrobicwexcelu.pl\/kursy-excel\/?s={search_term_string}\"},\"query-input\":{\"@type\":\"PropertyValueSpecification\",\"valueRequired\":true,\"valueName\":\"search_term_string\"}}],\"inLanguage\":\"pl-PL\"},{\"@type\":\"Organization\",\"@id\":\"https:\/\/jakzrobicwexcelu.pl\/kursy-excel\/#organization\",\"name\":\"ONLINE Marcin Wi\u015bniowski\",\"url\":\"https:\/\/jakzrobicwexcelu.pl\/kursy-excel\/\",\"logo\":{\"@type\":\"ImageObject\",\"inLanguage\":\"pl-PL\",\"@id\":\"https:\/\/jakzrobicwexcelu.pl\/kursy-excel\/#\/schema\/logo\/image\/\",\"url\":\"https:\/\/jakzrobicwexcelu.pl\/kursy-excel\/wp-content\/uploads\/2019\/03\/jak-zrobic-w-excelu-logo-2-kursy.jpg\",\"contentUrl\":\"https:\/\/jakzrobicwexcelu.pl\/kursy-excel\/wp-content\/uploads\/2019\/03\/jak-zrobic-w-excelu-logo-2-kursy.jpg\",\"width\":286,\"height\":64,\"caption\":\"ONLINE Marcin Wi\u015bniowski\"},\"image\":{\"@id\":\"https:\/\/jakzrobicwexcelu.pl\/kursy-excel\/#\/schema\/logo\/image\/\"}}]}<\/script>\n<!-- \/ Yoast SEO plugin. -->","yoast_head_json":{"title":"Dost\u0119pne kursy - Kursy Excel | jakzrobicwexcelu.pl","description":"Kursy Excel - Zapraszam do zapoznania si\u0119 z ofert\u0105 kurs\u00f3w video, dost\u0119pnych online pozwalaj\u0105cych poszerzy\u0107 Twoj\u0105 wiedz\u0119 o Excelu.","robots":{"index":"index","follow":"follow","max-snippet":"max-snippet:-1","max-image-preview":"max-image-preview:large","max-video-preview":"max-video-preview:-1"},"canonical":"https:\/\/jakzrobicwexcelu.pl\/kursy-excel\/","og_locale":"pl_PL","og_type":"article","og_title":"Kursy Excel","og_description":"Zapraszam do zapoznania si\u0119 z ofert\u0105 kurs\u00f3w video, dost\u0119pnych online pozwalaj\u0105cych poszerzy\u0107 Twoj\u0105 wiedz\u0119 o Excelu.","og_url":"https:\/\/jakzrobicwexcelu.pl\/kursy-excel\/","og_site_name":"Kursy Excel | jakzrobicwexcelu.pl","article_modified_time":"2020-01-30T19:58:48+00:00","twitter_card":"summary_large_image","twitter_title":"Kursy Excel -","twitter_description":"Zapraszam do zapoznania si\u0119 z ofert\u0105 kurs\u00f3w video, dost\u0119pnych online pozwalaj\u0105cych poszerzy\u0107 Twoj\u0105 wiedz\u0119 o Excelu.","schema":{"@context":"https:\/\/schema.org","@graph":[{"@type":"WebPage","@id":"https:\/\/jakzrobicwexcelu.pl\/kursy-excel\/","url":"https:\/\/jakzrobicwexcelu.pl\/kursy-excel\/","name":"Dost\u0119pne kursy - Kursy Excel | jakzrobicwexcelu.pl","isPartOf":{"@id":"https:\/\/jakzrobicwexcelu.pl\/kursy-excel\/#website"},"datePublished":"2019-02-25T18:12:18+00:00","dateModified":"2020-01-30T19:58:48+00:00","description":"Kursy Excel - Zapraszam do zapoznania si\u0119 z ofert\u0105 kurs\u00f3w video, dost\u0119pnych online pozwalaj\u0105cych poszerzy\u0107 Twoj\u0105 wiedz\u0119 o Excelu.","breadcrumb":{"@id":"https:\/\/jakzrobicwexcelu.pl\/kursy-excel\/#breadcrumb"},"inLanguage":"pl-PL","potentialAction":[{"@type":"ReadAction","target":["https:\/\/jakzrobicwexcelu.pl\/kursy-excel\/"]}]},{"@type":"BreadcrumbList","@id":"https:\/\/jakzrobicwexcelu.pl\/kursy-excel\/#breadcrumb","itemListElement":[{"@type":"ListItem","position":1,"name":"Strona g\u0142\u00f3wna","item":"https:\/\/jakzrobicwexcelu.pl\/kursy-excel\/"},{"@type":"ListItem","position":2,"name":"Dost\u0119pne kursy"}]},{"@type":"WebSite","@id":"https:\/\/jakzrobicwexcelu.pl\/kursy-excel\/#website","url":"https:\/\/jakzrobicwexcelu.pl\/kursy-excel\/","name":"Kursy Excel | jakzrobicwexcelu.pl","description":"Kursy Excela Online","publisher":{"@id":"https:\/\/jakzrobicwexcelu.pl\/kursy-excel\/#organization"},"potentialAction":[{"@type":"SearchAction","target":{"@type":"EntryPoint","urlTemplate":"https:\/\/jakzrobicwexcelu.pl\/kursy-excel\/?s={search_term_string}"},"query-input":{"@type":"PropertyValueSpecification","valueRequired":true,"valueName":"search_term_string"}}],"inLanguage":"pl-PL"},{"@type":"Organization","@id":"https:\/\/jakzrobicwexcelu.pl\/kursy-excel\/#organization","name":"ONLINE Marcin Wi\u015bniowski","url":"https:\/\/jakzrobicwexcelu.pl\/kursy-excel\/","logo":{"@type":"ImageObject","inLanguage":"pl-PL","@id":"https:\/\/jakzrobicwexcelu.pl\/kursy-excel\/#\/schema\/logo\/image\/","url":"https:\/\/jakzrobicwexcelu.pl\/kursy-excel\/wp-content\/uploads\/2019\/03\/jak-zrobic-w-excelu-logo-2-kursy.jpg","contentUrl":"https:\/\/jakzrobicwexcelu.pl\/kursy-excel\/wp-content\/uploads\/2019\/03\/jak-zrobic-w-excelu-logo-2-kursy.jpg","width":286,"height":64,"caption":"ONLINE Marcin Wi\u015bniowski"},"image":{"@id":"https:\/\/jakzrobicwexcelu.pl\/kursy-excel\/#\/schema\/logo\/image\/"}}]}},"_links":{"self":[{"href":"https:\/\/jakzrobicwexcelu.pl\/kursy-excel\/wp-json\/wp\/v2\/pages\/120","targetHints":{"allow":["GET"]}}],"collection":[{"href":"https:\/\/jakzrobicwexcelu.pl\/kursy-excel\/wp-json\/wp\/v2\/pages"}],"about":[{"href":"https:\/\/jakzrobicwexcelu.pl\/kursy-excel\/wp-json\/wp\/v2\/types\/page"}],"author":[{"embeddable":true,"href":"https:\/\/jakzrobicwexcelu.pl\/kursy-excel\/wp-json\/wp\/v2\/users\/1"}],"replies":[{"embeddable":true,"href":"https:\/\/jakzrobicwexcelu.pl\/kursy-excel\/wp-json\/wp\/v2\/comments?post=120"}],"version-history":[{"count":15,"href":"https:\/\/jakzrobicwexcelu.pl\/kursy-excel\/wp-json\/wp\/v2\/pages\/120\/revisions"}],"predecessor-version":[{"id":220,"href":"https:\/\/jakzrobicwexcelu.pl\/kursy-excel\/wp-json\/wp\/v2\/pages\/120\/revisions\/220"}],"wp:attachment":[{"href":"https:\/\/jakzrobicwexcelu.pl\/kursy-excel\/wp-json\/wp\/v2\/media?parent=120"}],"curies":[{"name":"wp","href":"https:\/\/api.w.org\/{rel}","templated":true}]}}